{"id":7634,"date":"2022-10-19T16:16:28","date_gmt":"2022-10-19T13:16:28","guid":{"rendered":"https:\/\/oztunadtm.com\/?post_type=product&#038;p=7634"},"modified":"2026-01-12T20:38:36","modified_gmt":"2026-01-12T17:38:36","slug":"klima-ev-tipi-9-000-btu","status":"publish","type":"product","link":"https:\/\/oztunadtm.com\/index.php\/urun\/klima-ev-tipi-9-000-btu\/","title":{"rendered":"Klima, Ev Tipi 9.000 BTU"},"content":{"rendered":"<p>[vc_row][vc_column][vc_column_text woodmart_inline=&#8221;no&#8221; text_larger=&#8221;no&#8221;]<\/p>\n<p class=\"technical-info-item-heading js-search-text\"><strong>So\u011futma Fonksiyonu<\/strong><\/p>\n<p class=\"technical-info-item-content js-search-text\">Donmaya karsi koruyucu, Isitma, Nem giderme, Otomatik, Sleep, Sogutma<\/p>\n<p>[\/vc_column_text][\/vc_column][\/vc_row][vc_row][vc_column width=&#8221;1\/2&#8243;][vc_column_text woodmart_inline=&#8221;no&#8221; text_larger=&#8221;no&#8221;]<\/p>\n<div class=\"technical-info-item js-technical-info-item\">\n<div class=\"technical-info-item js-technical-info-item\">\n<div class=\"m-overviewtile overview-content\" data-t-name=\"Overviewtile\" data-t-id=\"84\">\n<div class=\"content\">\n<div class=\"technical-info-item js-technical-info-item\">\n<div class=\"technical-info-item js-technical-info-item\">\n<p class=\"technical-info-item-content js-search-text\"><strong>Renk<\/strong>: Beyaz<\/p>\n<\/div>\n<div class=\"technical-info-item js-technical-info-item\">\n<p class=\"technical-info-item-content js-search-text\"><strong>D\u0131\u015f \u00dcnite Ses Bas\u0131n\u00e7 Seviyesi<\/strong>: 56 dB<\/p>\n<\/div>\n<div class=\"technical-info-item js-technical-info-item\">\n<p class=\"technical-info-item-content js-search-text\"><strong>En Y\u00fcksek \u0130\u00e7 \u00dcnite Ses Bas\u0131n\u00e7 Seviyesi:<\/strong> 39 dB<\/p>\n<\/div>\n<div class=\"technical-info-item js-technical-info-item\">\n<p class=\"technical-info-item-content js-search-text\"><strong>En D\u00fc\u015f\u00fck \u0130\u00e7 \u00dcnite Ses Bas\u0131n\u00e7 Seviyesi<\/strong> : 23 dB<\/p>\n<\/div>\n<div class=\"technical-info-item js-technical-info-item\">\n<p class=\"technical-info-item-content js-search-text\"><strong>So\u011futucu Gaz:<\/strong> R32<\/p>\n<\/div>\n<div class=\"technical-info-item js-technical-info-item\">\n<p class=\"technical-info-item-content js-search-text\"><strong>So\u011futma Kapasitesi:<\/strong> 9000 BTU\/h<\/p>\n<\/div>\n<div class=\"technical-info-item js-technical-info-item\"><\/div>\n<div class=\"technical-info-item js-technical-info-item\">\n<p class=\"technical-info-item-content js-search-text\">\n<\/div>\n<\/div>\n<\/div>\n<\/div>\n<\/div>\n<\/div>\n<p>[\/vc_column_text][\/vc_column][vc_column width=&#8221;1\/2&#8243;][vc_column_text woodmart_inline=&#8221;no&#8221; text_larger=&#8221;no&#8221;]<\/p>\n<div class=\"technical-info-item js-technical-info-item\">\n<div class=\"technical-info-item js-technical-info-item\">\n<div class=\"technical-info-item js-technical-info-item\">\n<div class=\"technical-info-item js-technical-info-item\">\n<div class=\"technical-info-item js-technical-info-item\">\n<div class=\"technical-info-item js-technical-info-item\">\n<div class=\"m-overviewtile overview-content\" data-t-name=\"Overviewtile\" data-t-id=\"84\">\n<div class=\"content\">\n<div class=\"technical-info-item js-technical-info-item\">\n<div class=\"technical-info-item js-technical-info-item\">\n<div class=\"m-overviewtile overview-content\" data-t-name=\"Overviewtile\" data-t-id=\"84\">\n<div class=\"content\">\n<div class=\"technical-info-item js-technical-info-item\">\n<div class=\"technical-info-item js-technical-info-item\">\n<p class=\"technical-info-item-content js-search-text\"><strong>Is\u0131tma Kapasitesi<\/strong>: 10000 BTU\/h<\/p>\n<\/div>\n<div class=\"technical-info-item js-technical-info-item\">\n<p class=\"technical-info-item-content js-search-text\"><strong>Uzaktan Kumanda<\/strong>: Evet<\/p>\n<\/div>\n<div class=\"technical-info-item js-technical-info-item\">\n<p class=\"technical-info-item-content js-search-text\"><strong>Bekleme Konumunda Enerji T\u00fcketimi<\/strong>: 1 W<\/p>\n<\/div>\n<div class=\"technical-info-item js-technical-info-item\">\n<p class=\"technical-info-item-content js-search-text\"><strong>Is\u0131tma Enerji S\u0131n\u0131f\u0131<\/strong>: A++<\/p>\n<\/div>\n<div class=\"technical-info-item js-technical-info-item\">\n<p class=\"technical-info-item-content js-search-text\"><strong>So\u011futma Enerji S\u0131n\u0131f\u0131:<\/strong> A3+<\/p>\n<\/div>\n<\/div>\n<\/div>\n<\/div>\n<\/div>\n<\/div>\n<\/div>\n<\/div>\n<\/div>\n<\/div>\n<\/div>\n<\/div>\n<\/div>\n<\/div>\n<p>[\/vc_column_text][\/vc_column][\/vc_row][vc_row][vc_column width=&#8221;1\/2&#8243;][vc_column_text woodmart_inline=&#8221;no&#8221; text_larger=&#8221;no&#8221;]<\/p>\n<div class=\"technical-info-item js-technical-info-item\">\n<div class=\"technical-info-item js-technical-info-item\">\n<div class=\"m-overviewtile overview-content\" data-t-name=\"Overviewtile\" data-t-id=\"84\">\n<div class=\"content\">\n<div class=\"technical-info-item js-technical-info-item\">\n<p class=\"technical-info-item-heading js-search-text\"><strong>So\u011futma Kapasitesi<br \/>\n<\/strong>9.000 BTU\/h<\/p>\n<p class=\"technical-info-item-heading js-search-text\"><strong>Is\u0131tma Kapasitesi<br \/>\n<\/strong>10.000 BTU\/h<\/p>\n<p class=\"technical-info-item-heading js-search-text\"><strong>Bekleme Konumunda Enerji T\u00fcketim<br \/>\n<\/strong>1,00 W<\/p>\n<\/div>\n<\/div>\n<\/div>\n<\/div>\n<\/div>\n<p>[\/vc_column_text][\/vc_column][vc_column width=&#8221;1\/2&#8243;][vc_column_text woodmart_inline=&#8221;no&#8221; text_larger=&#8221;no&#8221;]<\/p>\n<div class=\"technical-info-item js-technical-info-item\">\n<div class=\"technical-info-item js-technical-info-item\">\n<div class=\"technical-info-item js-technical-info-item\">\n<div class=\"technical-info-item js-technical-info-item\">\n<div class=\"technical-info-item js-technical-info-item\">\n<div class=\"technical-info-item js-technical-info-item\">\n<div class=\"m-overviewtile overview-content\" data-t-name=\"Overviewtile\" data-t-id=\"84\">\n<div class=\"content\">\n<div class=\"technical-info-item js-technical-info-item\">\n<div class=\"technical-info-item js-technical-info-item\">\n<div class=\"m-overviewtile overview-content\" data-t-name=\"Overviewtile\" data-t-id=\"84\">\n<div class=\"content\">\n<div class=\"technical-info-item js-technical-info-item\">\n<p class=\"technical-info-item-heading js-search-text\"><strong>Sezonsal So\u011futma Verimlili\u011fi (SEER)<br \/>\n<\/strong>9,3<\/p>\n<p class=\"technical-info-item-heading js-search-text\"><strong>En Y\u00fcksek \u0130\u00e7 \u00dcnite Ses Bas\u0131n\u00e7 Seviyesi<br \/>\n<\/strong>23.0 \/ 39.0 dB<\/p>\n<p class=\"technical-info-item-heading js-search-text\"><strong>Bekleme Konumunda Enerji T\u00fcketim<br \/>\n<\/strong>1,00 W<\/p>\n<\/div>\n<\/div>\n<\/div>\n<\/div>\n<\/div>\n<\/div>\n<\/div>\n<\/div>\n<\/div>\n<\/div>\n<\/div>\n<\/div>\n<\/div>\n<p>[\/vc_column_text][\/vc_column][\/vc_row]<\/p>\n","protected":false},"excerpt":{"rendered":"<ul>\n<li>\u00a01w Bekleme, Bekleme Modunda daha az enerji t\u00fcketir, b\u00f6ylece kliman\u0131z\u0131 kullanmad\u0131\u011f\u0131n\u0131z zamanlarda bile enerji tasarrufu sa\u011flars\u0131n\u0131z<\/li>\n<li>\u00a03D Air Flow, havay\u0131 odan\u0131n her k\u00f6\u015fesine e\u015fit olarak da\u011f\u0131tarak her yerde m\u00fckemmel konfor sa\u011flar.<button class=\"a-button a-button-plain js-popover-close popover-close\" tabindex=\"-1\" name=\"close-button\" aria-label=\"Kapat\"><\/button><\/li>\n<li>\u00a0Takip modu uzaktan kumandan\u0131n konumundan gelen s\u0131cakl\u0131k verilerini kullan\u0131r.\u00a0 M\u00fckemmel derece i\u00e7in gereken ayarlar\u0131, bulundu\u011funuz yere g\u00f6re otomatik yapar.<br \/>\n<aside class=\"m-popover \" tabindex=\"0\" role=\"dialog\" aria-modal=\"true\" aria-labelledby=\"dialog-label\" aria-describedby=\"dialog-desc\" data-t-name=\"Popover\" data-id=\"copi-popover-id-2\" data-position=\"top\" data-t-id=\"89\"><\/aside>\n<\/li>\n<li>\u00a0R-32, daha y\u00fcksek verimlili\u011fe ve daha d\u00fc\u015f\u00fck \u00e7evresel etkiye sahip tek bile\u015fenli yeni nesil bir so\u011futucudur<\/li>\n<li>\u00a0Kendi Kendini Temizleme \u00f6zelli\u011fi, k\u00fcflenmeyi \u00f6nlemek i\u00e7in So\u011futma veya Kurutma Modundan sonra i\u00e7 \u00fcnitedeki \u0131s\u0131 d\u00f6n\u00fc\u015ft\u00fcr\u00fcc\u00fcn\u00fcn kuru kalmas\u0131n\u0131 sa\u011flar.<\/li>\n<\/ul>\n","protected":false},"featured_media":7636,"comment_status":"open","ping_status":"closed","template":"","meta":[],"product_brand":[],"product_cat":[76],"product_tag":[149,162],"class_list":{"0":"post-7634","1":"product","2":"type-product","3":"status-publish","4":"has-post-thumbnail","6":"product_cat-klimalar-ev-konforu","7":"product_tag-bosch","8":"product_tag-klima","10":"first","11":"instock","12":"taxable","13":"shipping-taxable","14":"purchasable","15":"product-type-simple"},"_links":{"self":[{"href":"https:\/\/oztunadtm.com\/index.php\/wp-json\/wp\/v2\/product\/7634","targetHints":{"allow":["GET"]}}],"collection":[{"href":"https:\/\/oztunadtm.com\/index.php\/wp-json\/wp\/v2\/product"}],"about":[{"href":"https:\/\/oztunadtm.com\/index.php\/wp-json\/wp\/v2\/types\/product"}],"replies":[{"embeddable":true,"href":"https:\/\/oztunadtm.com\/index.php\/wp-json\/wp\/v2\/comments?post=7634"}],"wp:featuredmedia":[{"embeddable":true,"href":"https:\/\/oztunadtm.com\/index.php\/wp-json\/wp\/v2\/media\/7636"}],"wp:attachment":[{"href":"https:\/\/oztunadtm.com\/index.php\/wp-json\/wp\/v2\/media?parent=7634"}],"wp:term":[{"taxonomy":"product_brand","embeddable":true,"href":"https:\/\/oztunadtm.com\/index.php\/wp-json\/wp\/v2\/product_brand?post=7634"},{"taxonomy":"product_cat","embeddable":true,"href":"https:\/\/oztunadtm.com\/index.php\/wp-json\/wp\/v2\/product_cat?post=7634"},{"taxonomy":"product_tag","embeddable":true,"href":"https:\/\/oztunadtm.com\/index.php\/wp-json\/wp\/v2\/product_tag?post=7634"}],"curies":[{"name":"wp","href":"https:\/\/api.w.org\/{rel}","templated":true}]}}